+ 2 + -6 + -7 + 0.
6
What is the value of (-1 + 5 - 2) + -8 + 3?
-3
What is ((0 - 3) + 0 - -2) + -2?
-3
Evaluate -2 + 4 + -2 + -5.
-5
What is (2 - -1) + -34 + 36?
5
Evaluate -3 - -14 - 24 - -4.
-9
Calculate (-3 - 1 - -4) + -2.
-2
What is the value of -1 + -1 + (-3 - (-2 + -4))?
1
0 + 13 + 1 + -27 + 23
10
-2 + 1 + -4 + 0 + 3
-2
-1 + (-5 - -7 - -1)
2
Calculate 1 + -6 + 3 - (6 - 3).
-5
What is the value of -6 + 10 + -1 + 2?
5
What is 0 - ((-4 + 9 - 9) + 5)?
-1
What is the value of (-5 - 0 - -9) + -3?
1
Evaluate -1 + -3 - (-10 + 2).
4
Evaluate 5 - (-9 - -19 - 9).
4
What is the value of -9 - ((-24 - -11) + 10)?
-6
What is the value of (11 - 4) + -11 - (-3 - -1)?
-2
-5 - -7 - (2 + -5)
5
What is -10 + -1 - (-14 + 2)?
1
Calculate 0 + 1 + -15 + 14.
0
What is the value of 21 - ((3 - -6) + 2)?
10
What is the value of 5 + (0 + -3 - 1)?
1
What is -4 + (-1 - 3) + 4 + 0?
-4
6 + -6 - (1 - -2)
-3
What is (-3 + 4 - 0) + 1 + -7?
-5
0 - (-4 + (3 - -2) - -3)
-4
What is the value of -6 + (-3 - -7) - -5?
3
Evaluate (-1 - -1) + 4 - 10.
-6
4 + -4 + -4 - -5 - 1
0
0 - (5 + -10 + -3)
8
What is -4 - (5 - (4 + 2))?
-3
-1 + 0 + 0 + -2 + -4
-7
(3 + -10 - -10 - -8) + -5
6
2 + (19 + -9 - 7)
5
-2 + -1 + -2 + -3 + -2
-10
What is the value of 1 + (0 - (-1 - (3 - -1)))?
6
What is -11 + 14 + -3 + 0 + -6?
-6
What is the value of (-1 - -1) + (1 - (-9 + 6))?
4
Calculate (1 - (2 + 1)) + (19 - 15).
2
2 + 0 + (0 - -1) + -2
1
What is the value of -1 - (-1 - -3) - -2?
-1
Calculate 0 + -1 + -48 + 52.
3
What is 6 + 4 + -1 + -13 - -8?
4
What is the value of -6 + (3 - (6 - 4 - 1))?
-4
-1 - -1 - (7 + -6)
-1
What is 1 + 2 + (-17 - (-14 - 1))?
1
What is (2 - 0) + -4 + 5?
3
What is 0 - (-3 + -2) - (-51 + 48)?
8
(3 - 2) + -2 + 2 + -1
0
What is 0 + (-8 - -16 - -5) + -5?
8
What is the value of 1 + -11 + 0 + -1 + 6?
-5
What is the value of 3 + 0 + -12 + 7?
-2
(6 - 2) + -10 + 9
3
Evaluate -3 - 5 - (-26 + 24).
-6
Calculate (23 - 21) + (3 - (2 - 1)).
4
Evaluate (-13 - -16) + (2 - 4).
1
What is 16 - (5 + 6) - (0 - -5)?
0
Calculate -1 + 11 - 3 - 7.
0
4 + 4 + -3 + -3
2
What is (1 - 1) + 20 + -23?
-3
(-5 - -4 - 2) + 3
0
Calculate -1 + (-2 - ((0 - 2) + 0)).
-1
Calculate 8 - (-7 - (-12 + -8)).
-5
Calculate 3 - (4 - ((2 - 2) + 3)).
2
Calculate -12 - (-11 + -3 + 9).
-7
-4 + (-7 - (-1 + -4))
-6
1 + -1 + -2 + -1
-3
Evaluate 34 + (14 - 32) - (-1 + 8).
9
Evaluate (-2 + 0 - (0 - 0)) + -3.
-5
What is 0 + (-5 - -4) + 5?
4
What is the value of -32 + 31 + 0 + 1?
0
Calculate -5 + 8 - (2 - -1).
0
Calculate (4 + 6 - 9) + -6.
-5
Calculate 5 + (1 - (-3 + 7)) + 3.
5
What is (14 - 1) + -19 + (1 - -13)?
8
What is -2 + 0 - 3 - (-2 + 0)?
-3
Evaluate 1 + (1 - -2) - (44 + -42).
2
What is the value of 4 - (-4 + 1 - -10)?
-3
Calculate 0 - 2 - (8 + 2) - -4.
-8
What is -3 + (1 - (-11 - -9))?
0
What is the value of (2 - -2 - 1) + 2 + 2?
7
What is -6 - (0 - 10 - 0)?
4
What is -3 + 2 + -6 + 2?
-5
What is 3 - (4 + -2 + 2)?
-1
What is -1 + (1 - (-4 + 9) - -2)?
-3
Calculate -1 - ((-1 - (-4 + -1)) + -3).
-2
Calculate -7 + 8 + (-2 - -2).
1
What is 6 + (9 + -6 - (4 + 1))?
4
What is (0 + -9 - -9) + 1 + -5?
-4
What is (2 - 1 - 4) + 6 + 2?
5
Calculate -1 + (-4 - -4) + 3.
2
What is the value of 45 - 39 - (-1 + 3)?
4
Calculate -10 + 2 + 14 + -4 + 1.
3
What is the value of 6 + -12 + -3 - -16?
7
What is -93 + 92 - (0 + 1 - -5)?
-7
What is 21 + -11 + -8 + 5?
7
Calculate 0 - ((-1 + -2 - -9) + -2).
-4
What is (0 - 7) + (13 - 9)?
-3
Calculate 3 + -6 + -8 + (5 - 3).
-9
What is the value of (-3 - 5) + (2 - 0)?
-6
What is 26 + (-6 - 2) - 12?
6
Calculate 0 + 1 - 2 - -3 - -2.
4
0 + -8 + 3 + -1 + 2
-4
Evaluate 6 + -4 + (-7 - (-3 - -1)).
-3
(4 - 6) + 6 + 0
4
What is -2 - (2 + -1 - 7)?
4
Evaluate -1 - 6 - (-14 + 7).
0
Calculate 3 + 0 + -5 + -4 + 7.
1
Evaluate 1 - (5 - 3 - (1 - -1)).
1
Evaluate 1 - (2 + 2 + -1 + 1).
-3
What is the value of -6 + 3 + 5 + (-9 - -3)?
-4
Evaluate -1 + -2 + 1 + 2 - 2.
-2
Calculate -1 - (-3 + (2 - 0 - -2)).
-2
Evaluate (1 - (-3 + 0)) + -5.
-1
What is -1 - (-5 + -11 + 7 + 3)?
5
Calculate 2 - (3 - 5 - -4 - -3).
-3
Calculate -8 - (-3 + -1) - (0 + -2).
-2
(-7 - -26) + -9 - 20
-10
Evaluate 8 + -17 + 7 + -5.
-7
-73 + 72 + 1 + -7
-7
9 + 1 + (0 + 1 - 4)
7
Calculate 6 + 0 + -35 + 30.
1
Evaluate (-3 - -1 - -3) + 2 + -3.
0
Calculate -3 + (-1 - -13) + -4.
5
What is the value of (-3 - -1) + -7 + 6 + 8?
5
Calculate (-5 - -2) + 5 - -2 - 1.
3
-11 + 1 + -101 + 113
2
Evaluate 0 - (-4 - (1 + -4)).
1
Evaluate 12 - 12 - (-8 + 4 - 1).
5
(4 - 1) + -1 - (2 - 5)
5
7 + (2 - 3) + -5 + -1
0
Evaluate 2 - 8 - -15 - 3.
6
What is 3 + -6 + (-1 - -5)?
1
2 - -4 - (7 + (-1 - 2))
2
What is the value of (8 - -10) + -8 - 16?
-6
What is the value of (5 - 0) + -18 + 11?
-2
What is the value of (-9 - -8 - 2) + 0?
-3
What is the value of 35 + -36 + (-1 - -4)?
2
(-16 + 7 - -6) + (-2 - 0)
-5
What is the value of 7 - (0 + 13 + -14)?
8
Calculate 5 + (8 - 4) + -4.
5
What is the value of (4 - (21 + -13)) + (11 - 0)?
7
What is the value of -1 - ((-1 - -4) + -5)?
1
What is the value of 0 + 3 + -14 + (0 - -14)?
3
-1 - -7 - (3 - (0 + -1))
2
What is 1 + 2 + (-1 - (6 - 1))?
-3
What is -3 + 2 - 0 - 1?
-2
Evaluate -1 + -3 + (13 - 7).
2
4 + -3 + -3 + (0 - 1)
-3
What is (-10 + 2 - (11 + -19)) + -2?
-2
(12 + -4 - (3 - -1)) + -2
2
(-3 - -2) + -2 + 6
3
What is the value of 7 + (7 - 6) + -16 + 13?
5
1 + (-6 - -2) - 1
-4
What is the value of -2 - (-2 - (6 - 4))?
2
Calculate (-79 - -80) + (-1 - 1 - -3).
2
What is 3 + (-3 - ((-6 - -3) + 0))?
3
What is the value of -1 - -2 - 1 - 1?
-1
-5 + (1 - 2) + 8
2
Evaluate -27 - -29 - (1 - 0).
1
Evaluate -16 - (-4 + (-3 - 2)).
-7
(1 - 0) + 1 + -18 + 19
3
What is the value of -16 + 9 + 0 + 4?
-3
What is the value of (2 - (5 - 4) - -2) + 0?
3
What is 4 + (-9 - 1) + 3?
-3
What is the value of 3 + (-6 - (-5 + 0))?
2
What is the value of 1 + (10 - 1) - (4 + 1)?
5
-3 + 5 + (6 - 7)
1
Evaluate (-4 - -6 - 4) + -1.
-3
What is the value of (-9 - -6) + -3 - (3 - 3)?
-6
-1 + (10 - (13 - -2))
-6
What is (2 - (8 - -2)) + -33 + 36?
-5
Calculate (-4 - -11 - 9) + 6.
4
What is the value of -15 - -16 - (-6 - -2)?
5
What is the value of -3 + 1 - 0 - (-2 + 1)?
-1
What is the value of -11 - -8 - (-2 + -5)?
4
What is the value of -5 + (5 + 0 - (1 - -3))?
-4
Evaluate -3 + 4 + 0 + 3 + 0.
4
Evaluate 0 - (-14 + 11 - -1).
2
Calculate (-2 + 1 - -7) + 75 + -76.
5
Evaluate -6 + (0 - 5) + 7 + 4.
0
Evaluate 1 + 1 + (0 - 3).
-1
Calculate (-4 - -9 - 1) + -1.
3
-2 + -1 + (-1 - -6) + 2
4
What is the value of -3 + 6 - (0 + -2)?
5
What is 7 + -10 - (3 - -1)?
-7
Evaluate -2 - (1 + -1) - (-8 + 9).
-3
Calculate (-11 - -3) + 3 + 3 - -3.
1
What is (-4 - -3) + -1 + -6 + 10?
2
Calculate 7 - (0 - (-1 + 0 - -4)).
10
-2 + 0 + 8 - (-2 + 3)
5
Evaluate (-6 - -2) + (-3 - -1) + 1.
-5
Evaluate -11 + 7 + (1 - -6).
3
What is -7 + -1 + 3 + 3 + -1?
-3
3 + (-11 - (-6 + 1))
-3
What is (-8 + 7 - 5) + (-2 - -11)?
3
What is 7 + (-7 - 5) - (-7 - 2)?
4
Calculate 3 - (2 + -7 + (2 - -2)).
4
What is (6 - 10 - -3) + 6?
5
What is (-3 - (3 + -6)) + 0?
0
(1 - (-8 - -8)) + -1
0
(0 - -1) + 3 + -1
3
What is the value of (0 - 4) + (5 - (2 + 0))?
-1
Evaluate 3 + 0 + -2 + 1.
2
Calculate (-4 - -2) + -1 + 5.
2
What is -5 - (6 + (-11 - 2))?
2
What is (6 - (-1 - -6)) + 3?
4
Evaluate 0 + (7 - (5 + 2)).
0
Evaluate 1 + (-2 - 1 - -8) - 6.
0
What is the value of 0 - (-2 + 5) - -4?
1
What is -3 + (3 - 2 - -3) + -1?
0
What is -12 + 7 + 2 + 3 + 0?
0
Evaluate -2 + 3 + 1 + (-3 - -3).
2
0 + 2 - -1 - 3
0
Evaluate -5 + (-2 - (-8 - -2) - -4).
3
0 - ((-1 - 2) + -1)
4
Calculate 1 - -1 - (-10 + 7).
5
What is 12 + -14 + 1 + -1 + -1?
-3
What is the value of (0 - 6 - (-13 + 10)) + 0?
-3
What is the value of 1 - 3 - (10 + -4 - 4)?
-4
Evaluate 4 - (0 + 0) - (21 + -21).
4
Calculate 1 + (1 - 3 - -3).
2
1 + 8 - (-5 + 6) - 4
4
-6 + 3 + 1 + -2 + 0
-4
Calculate -2 + (2 - 6) + 12 + -13.
-7
-12 - (-5 - 11) - -1
5
6 - (3 - (0 + (4 - -3)))
10
Calculate -1 + (0 - -3 - (-4 + 3)).
3
What is 2 + 4 + 1 + -7 + -3?
-3
Evaluate 8 + (6 - 5) + -7.
2
Evaluate -8 + (5 - -7) + 5.
9
Calculate -4 - -3 - ((-7 - -10) + -1).
-3
Calculate (4 + 1 - 9) + 2.
-2
What is (-30 - -21) + 3 + 1?
-5
Calculate 2 + -1 - (-7 + 4 + -1).
5
Evaluate -3 - (-14 - -7) - (8 - 0).
-4
What is (5 - 5) + 2 + -6?
-4
What is the value of 3 + 2 - -12 - 11?
6
Evaluate (-4 + 4 - 1) + -3.
-4
What is 0 + (6 + -4 - 0 - -3)?